{"id":218,"date":"2020-09-29T11:50:47","date_gmt":"2020-09-29T09:50:47","guid":{"rendered":"http:\/\/casadejaenensevilla.org\/?page_id=218"},"modified":"2022-04-30T16:26:02","modified_gmt":"2022-04-30T14:26:02","slug":"cultura-audiovisual","status":"publish","type":"page","link":"https:\/\/casadejaenensevilla.org\/?page_id=218","title":{"rendered":"Cultura Audiovisual"},"content":{"rendered":"<p>[et_pb_section fb_built=\u00bb1&#8243; admin_label=\u00bbHero\u00bb _builder_version=\u00bb4.6.3&#8243; use_background_color_gradient=\u00bbon\u00bb background_color_gradient_start=\u00bbrgba(40,40,40,0.79)\u00bb background_color_gradient_end=\u00bbrgba(40,40,40,0.86)\u00bb background_color_gradient_type=\u00bbradial\u00bb background_color_gradient_direction_radial=\u00bbtop left\u00bb background_color_gradient_overlays_image=\u00bbon\u00bb background_image=\u00bbhttp:\/\/casadejaenensevilla.org\/wp-content\/uploads\/2020\/09\/fondo-jaen.jpg\u00bb custom_margin=\u00bb||||false\u00bb custom_padding=\u00bb6vw||6vw||true|false\u00bb][et_pb_row _builder_version=\u00bb3.25&#8243; background_size=\u00bbinitial\u00bb background_position=\u00bbtop_left\u00bb background_repeat=\u00bbrepeat\u00bb][et_pb_column type=\u00bb4_4&#8243; _builder_version=\u00bb3.25&#8243; custom_padding=\u00bb|||\u00bb custom_padding__hover=\u00bb|||\u00bb][et_pb_divider divider_position=\u00bbcenter\u00bb divider_weight=\u00bb5px\u00bb _builder_version=\u00bb4.6.5&#8243; max_width=\u00bb50px\u00bb module_alignment=\u00bbcenter\u00bb locked=\u00bboff\u00bb][\/et_pb_divider][et_pb_text _builder_version=\u00bb4.6.5&#8243; header_font=\u00bbRubik|700|||||||\u00bb header_font_size=\u00bb64px\u00bb header_line_height=\u00bb1.1em\u00bb text_orientation=\u00bbcenter\u00bb background_layout=\u00bbdark\u00bb max_width=\u00bb800px\u00bb module_alignment=\u00bbcenter\u00bb custom_margin=\u00bb||0px|\u00bb custom_padding=\u00bb|||16px\u00bb text_font_size_last_edited=\u00bboff|desktop\u00bb header_font_size_tablet=\u00bb44px\u00bb header_font_size_phone=\u00bb32px\u00bb header_font_size_last_edited=\u00bbon|phone\u00bb]<\/p>\n<h1>Cultura Audiovisual<\/h1>\n<p>[\/et_pb_text][\/et_pb_column][\/et_pb_row][\/et_pb_section][et_pb_section fb_built=\u00bb1&#8243; _builder_version=\u00bb3.22&#8243; custom_padding=\u00bb0|0px|0|0px|false|false\u00bb][et_pb_row column_structure=\u00bb1_4,1_4,1_4,1_4&#8243; admin_label=\u00bbPresentaci\u00f3n\u00bb _builder_version=\u00bb3.25&#8243; custom_margin=\u00bb|||\u00bb custom_padding=\u00bb|||\u00bb][et_pb_column type=\u00bb1_4&#8243; _builder_version=\u00bb3.25&#8243; custom_padding=\u00bb|||\u00bb custom_padding__hover=\u00bb|||\u00bb][et_pb_blurb title=\u00bbHimno de Ja\u00e9n\u00bb use_icon=\u00bbon\u00bb font_icon=\u00bb%%225%%\u00bb admin_label=\u00bbAnuncio\u00bb _builder_version=\u00bb4.6.5&#8243; _module_preset=\u00bbdefault\u00bb]<\/p>\n<!--[if lt IE 9]><script>document.createElement('audio');<\/script><![endif]-->\n<audio class=\"wp-audio-shortcode\" id=\"audio-218-1\" preload=\"none\" style=\"width: 100%;\" controls=\"controls\"><source type=\"audio\/mpeg\" src=\"http:\/\/casadejaenensevilla.org\/wp-content\/uploads\/2020\/09\/himno-jaen.mp3?_=1\" \/><a href=\"http:\/\/casadejaenensevilla.org\/wp-content\/uploads\/2020\/09\/himno-jaen.mp3\">http:\/\/casadejaenensevilla.org\/wp-content\/uploads\/2020\/09\/himno-jaen.mp3<\/a><\/audio>\n<p>[\/et_pb_blurb][\/et_pb_column][et_pb_column type=\u00bb1_4&#8243; _builder_version=\u00bb3.25&#8243; custom_padding=\u00bb|||\u00bb custom_padding__hover=\u00bb|||\u00bb][et_pb_blurb title=\u00bb Letra del Canto a Ja\u00e9n\u00bb url=\u00bbhttp:\/\/casadejaenensevilla.org\/wp-content\/uploads\/2020\/09\/himno-jaen.pdf\u00bb use_icon=\u00bbon\u00bb font_icon=\u00bb%%72%%\u00bb admin_label=\u00bbAnuncio\u00bb _builder_version=\u00bb4.6.5&#8243; _module_preset=\u00bbdefault\u00bb link_option_url=\u00bbhttp:\/\/casadejaenensevilla.org\/wp-content\/uploads\/2020\/09\/himno-jaen.pdf\u00bb][\/et_pb_blurb][\/et_pb_column][et_pb_column type=\u00bb1_4&#8243; _builder_version=\u00bb3.25&#8243; custom_padding=\u00bb|||\u00bb custom_padding__hover=\u00bb|||\u00bb][et_pb_blurb title=\u00bbAndaluces de Ja\u00e9n (pps)\u00bb url=\u00bbhttp:\/\/casadejaenensevilla.org\/wp-content\/uploads\/2020\/09\/ANDALUZ_JAEN.pps\u00bb use_icon=\u00bbon\u00bb font_icon=\u00bb%%129%%\u00bb admin_label=\u00bbAnuncio\u00bb _builder_version=\u00bb4.6.5&#8243; _module_preset=\u00bbdefault\u00bb link_option_url=\u00bbhttp:\/\/casadejaenensevilla.org\/wp-content\/uploads\/2020\/09\/ANDALUZ_JAEN.pps\u00bb][\/et_pb_blurb][\/et_pb_column][et_pb_column type=\u00bb1_4&#8243; _builder_version=\u00bb3.25&#8243; custom_padding=\u00bb|||\u00bb custom_padding__hover=\u00bb|||\u00bb][et_pb_blurb title=\u00bb\u00dabeda preciosa (pps)\u00bb url=\u00bbhttp:\/\/casadejaenensevilla.org\/wp-content\/uploads\/2020\/09\/63UBEDA.pps\u00bb use_icon=\u00bbon\u00bb font_icon=\u00bb%%129%%\u00bb admin_label=\u00bbAnuncio\u00bb _builder_version=\u00bb4.6.5&#8243; _module_preset=\u00bbdefault\u00bb link_option_url=\u00bbhttp:\/\/casadejaenensevilla.org\/wp-content\/uploads\/2020\/09\/63UBEDA.pps\u00bb][\/et_pb_blurb][\/et_pb_column][\/et_pb_row][et_pb_row column_structure=\u00bb1_4,1_4,1_4,1_4&#8243; admin_label=\u00bbPresentaci\u00f3n\u00bb _builder_version=\u00bb3.25&#8243; custom_margin=\u00bb|||\u00bb custom_padding=\u00bb|||\u00bb][et_pb_column type=\u00bb1_4&#8243; _builder_version=\u00bb3.25&#8243; custom_padding=\u00bb|||\u00bb custom_padding__hover=\u00bb|||\u00bb][et_pb_blurb title=\u00bbJa\u00e9n en fotograf\u00edas (pps)\u00bb url=\u00bbhttp:\/\/casadejaenensevilla.org\/wp-content\/uploads\/2020\/09\/JaC3A9nenfotografC3ADas28229.pps\u00bb use_icon=\u00bbon\u00bb font_icon=\u00bb%%129%%\u00bb admin_label=\u00bbAnuncio\u00bb _builder_version=\u00bb4.6.5&#8243; _module_preset=\u00bbdefault\u00bb link_option_url=\u00bbhttp:\/\/casadejaenensevilla.org\/wp-content\/uploads\/2020\/09\/JaC3A9nenfotografC3ADas28229.pps\u00bb][\/et_pb_blurb][\/et_pb_column][et_pb_column type=\u00bb1_4&#8243; _builder_version=\u00bb3.25&#8243; custom_padding=\u00bb|||\u00bb custom_padding__hover=\u00bb|||\u00bb][et_pb_blurb title=\u00bbAlc\u00e1zar en Sevilla (pps)\u00bb url=\u00bbhttp:\/\/casadejaenensevilla.org\/wp-content\/uploads\/2020\/09\/AlcC3A1zardeSevilla-1.pps\u00bb use_icon=\u00bbon\u00bb font_icon=\u00bb%%129%%\u00bb admin_label=\u00bbAnuncio\u00bb _builder_version=\u00bb4.6.5&#8243; _module_preset=\u00bbdefault\u00bb link_option_url=\u00bbhttp:\/\/casadejaenensevilla.org\/wp-content\/uploads\/2020\/09\/AlcC3A1zardeSevilla-1.pps\u00bb][\/et_pb_blurb][\/et_pb_column][et_pb_column type=\u00bb1_4&#8243; _builder_version=\u00bb3.25&#8243; custom_padding=\u00bb|||\u00bb custom_padding__hover=\u00bb|||\u00bb][et_pb_blurb title=\u00bbRecorte ABC 1. &#8211; 6 de abril de 1976&#8243; url=\u00bbhttp:\/\/casadejaenensevilla.org\/wp-content\/uploads\/2020\/09\/abccasajaen.pdf\u00bb use_icon=\u00bbon\u00bb font_icon=\u00bb%%72%%\u00bb admin_label=\u00bbAnuncio\u00bb _builder_version=\u00bb4.6.5&#8243; _module_preset=\u00bbdefault\u00bb link_option_url=\u00bbhttp:\/\/casadejaenensevilla.org\/wp-content\/uploads\/2020\/09\/abccasajaen.pdf\u00bb][\/et_pb_blurb][\/et_pb_column][et_pb_column type=\u00bb1_4&#8243; _builder_version=\u00bb3.25&#8243; custom_padding=\u00bb|||\u00bb custom_padding__hover=\u00bb|||\u00bb][et_pb_blurb title=\u00bbRecorte ABC 2. 9 de noviembre de 1988&#8243; url=\u00bbhttp:\/\/casadejaenensevilla.org\/wp-content\/uploads\/2020\/09\/ABCSEVILLA-09.11.1988-pagina0065B15D2.pdf\u00bb use_icon=\u00bbon\u00bb font_icon=\u00bb%%72%%\u00bb admin_label=\u00bbAnuncio\u00bb _builder_version=\u00bb4.6.5&#8243; _module_preset=\u00bbdefault\u00bb link_option_url=\u00bbhttp:\/\/casadejaenensevilla.org\/wp-content\/uploads\/2020\/09\/ABCSEVILLA-09.11.1988-pagina0065B15D2.pdf\u00bb][\/et_pb_blurb][\/et_pb_column][\/et_pb_row][\/et_pb_section][et_pb_section fb_built=\u00bb1&#8243; _builder_version=\u00bb3.22&#8243; custom_padding=\u00bb0|0px|0|0px|false|false\u00bb][et_pb_row admin_label=\u00bbPresentaci\u00f3n\u00bb _builder_version=\u00bb3.25&#8243; custom_margin=\u00bb|||\u00bb custom_padding=\u00bb|||\u00bb][et_pb_column type=\u00bb4_4&#8243; _builder_version=\u00bb3.25&#8243; custom_padding=\u00bb|||\u00bb custom_padding__hover=\u00bb|||\u00bb][et_pb_tabs admin_label=\u00bbPesta\u00f1as\u00bb _builder_version=\u00bb4.6.5&#8243; _module_preset=\u00bbdefault\u00bb][et_pb_tab title=\u00bbJa\u00e9n es de Cine\u00bb _builder_version=\u00bb4.6.5&#8243; _module_preset=\u00bbdefault\u00bb]<\/p>\n<p><iframe loading=\"lazy\" title=\"Ja\u00e9n es de Cine\" width=\"1080\" height=\"608\" src=\"https:\/\/www.youtube.com\/embed\/wIn-wIgWPXM?feature=oembed\" frameborder=\"0\" allow=\"accelerometer; autoplay; clipboard-write; encrypted-media; gyroscope; picture-in-picture\" allowfullscreen><\/iframe><\/p>\n<p><iframe loading=\"lazy\" title=\"Ja\u00e9n es de cine (II)\" width=\"1080\" height=\"608\" src=\"https:\/\/www.youtube.com\/embed\/lAQHZ--ou3k?feature=oembed\" frameborder=\"0\" allow=\"accelerometer; autoplay; clipboard-write; encrypted-media; gyroscope; picture-in-picture\" allowfullscreen><\/iframe><\/p>\n<p><iframe loading=\"lazy\" title=\"Ja\u00e9n es de cine (III), alrededores\" width=\"1080\" height=\"608\" src=\"https:\/\/www.youtube.com\/embed\/G8pfb7lNEC4?feature=oembed\" frameborder=\"0\" allow=\"accelerometer; autoplay; clipboard-write; encrypted-media; gyroscope; picture-in-picture\" allowfullscreen><\/iframe><\/p>\n<p>[\/et_pb_tab][et_pb_tab title=\u00bbDocumental sobre Arturo Cerd\u00e1 y Rico\u00bb _builder_version=\u00bb4.6.5&#8243; _module_preset=\u00bbdefault\u00bb]<\/p>\n<p><iframe loading=\"lazy\" title=\"Memoria de Sierra M\u00e1gina (1\/2)\" width=\"1080\" height=\"810\" src=\"https:\/\/www.youtube.com\/embed\/NZEJZ6qiPSc?feature=oembed\" frameborder=\"0\" allow=\"accelerometer; autoplay; clipboard-write; encrypted-media; gyroscope; picture-in-picture\" allowfullscreen><\/iframe><\/p>\n<p><iframe loading=\"lazy\" title=\"Memoria de Sierra M\u00e1gina (2\/2)\" width=\"1080\" height=\"810\" src=\"https:\/\/www.youtube.com\/embed\/F4d5nJMJSCo?feature=oembed\" frameborder=\"0\" allow=\"accelerometer; autoplay; clipboard-write; encrypted-media; gyroscope; picture-in-picture\" allowfullscreen><\/iframe><\/p>\n<p>[\/et_pb_tab][et_pb_tab title=\u00bbCatedral\u00bb _builder_version=\u00bb4.6.5&#8243; _module_preset=\u00bbdefault\u00bb]<\/p>\n<p><iframe loading=\"lazy\" title=\"CATEDRAL DE JAEN. PATRIMONIO DE LA HUMANIDAD. parte 1\" width=\"1080\" height=\"810\" src=\"https:\/\/www.youtube.com\/embed\/ivhiPKaklI4?feature=oembed\" frameborder=\"0\" allow=\"accelerometer; autoplay; clipboard-write; encrypted-media; gyroscope; picture-in-picture\" allowfullscreen><\/iframe><\/p>\n<p><iframe loading=\"lazy\" title=\"CATEDRAL DE JAEN PATRIMONIO DE LA HUMANIDAD parte 2\" width=\"1080\" height=\"810\" src=\"https:\/\/www.youtube.com\/embed\/9PytzqfNDFU?feature=oembed\" frameborder=\"0\" allow=\"accelerometer; autoplay; clipboard-write; encrypted-media; gyroscope; picture-in-picture\" allowfullscreen><\/iframe><\/p>\n<p>[\/et_pb_tab][et_pb_tab title=\u00bbEntre Olivos\u00bb _builder_version=\u00bb4.6.5&#8243; _module_preset=\u00bbdefault\u00bb]<\/p>\n<p><iframe loading=\"lazy\" title=\"16 - Entre Olivos (Andaluc\u00eda - R\u00edo Guadalquivir - Ja\u00e9n y C\u00f3rdoba)\" width=\"1080\" height=\"608\" src=\"https:\/\/www.youtube.com\/embed\/oxLHGX4ux8E?feature=oembed\" frameborder=\"0\" allow=\"accelerometer; autoplay; clipboard-write; encrypted-media; gyroscope; picture-in-picture\" allowfullscreen><\/iframe><\/p>\n<p>[\/et_pb_tab][et_pb_tab title=\u00bbSemana Santa\u00bb _builder_version=\u00bb4.6.5&#8243; _module_preset=\u00bbdefault\u00bb]<\/p>\n<p style=\"text-align: center;\"><strong>Resumen 2013<\/strong><\/p>\n<p><iframe loading=\"lazy\" title=\"Resumen Semana Santa de Ja\u00e9n 2013\" width=\"1080\" height=\"608\" src=\"https:\/\/www.youtube.com\/embed\/Feb80BgXtOY?feature=oembed\" frameborder=\"0\" allow=\"accelerometer; autoplay; clipboard-write; encrypted-media; gyroscope; picture-in-picture\" allowfullscreen><\/iframe><\/p>\n<p style=\"text-align: center;\"><strong>Domingo de Ramos 2013 (tarde)<\/strong><\/p>\n<p><iframe loading=\"lazy\" title=\"Semana Santa - Domingo de Ramos Ja\u00e9n 2013 (Tarde)\" width=\"1080\" height=\"608\" src=\"https:\/\/www.youtube.com\/embed\/eqNv3LPeSUw?feature=oembed\" frameborder=\"0\" allow=\"accelerometer; autoplay; clipboard-write; encrypted-media; gyroscope; picture-in-picture\" allowfullscreen><\/iframe><\/p>\n<p style=\"text-align: center;\"><strong>Avance Im\u00e1genes in\u00e9ditas de la Semana Santa en Ja\u00e9n en 1970 (documental)<\/strong><\/p>\n<p><iframe loading=\"lazy\" title=\"Avance Im\u00e1genes in\u00e9ditas de la Semana Santa en Ja\u00e9n en 1970.\" width=\"1080\" height=\"608\" src=\"https:\/\/www.youtube.com\/embed\/oOs7Ty7-BLg?feature=oembed\" frameborder=\"0\" allow=\"accelerometer; autoplay; clipboard-write; encrypted-media; gyroscope; picture-in-picture\" allowfullscreen><\/iframe><\/p>\n<p style=\"text-align: center;\"><strong>El Abuelo de Ja\u00e9n<\/strong><\/p>\n<p><iframe loading=\"lazy\" title=\"Nuestro Padre Jesus, El Abuelo (Jaen 2010).wmv\" width=\"1080\" height=\"810\" src=\"https:\/\/www.youtube.com\/embed\/umlWMwXsKV0?feature=oembed\" frameborder=\"0\" allow=\"accelerometer; autoplay; clipboard-write; encrypted-media; gyroscope; picture-in-picture\" allowfullscreen><\/iframe><\/p>\n<p>[\/et_pb_tab][et_pb_tab title=\u00bbUn poeta de Ja\u00e9n\u00bb _builder_version=\u00bb4.6.5&#8243; _module_preset=\u00bbdefault\u00bb]<\/p>\n<p style=\"text-align: center;\"><img loading=\"lazy\" decoding=\"async\" class=\"wp-image-234 alignnone size-full\" src=\"http:\/\/casadejaenensevilla.org\/wp-content\/uploads\/2020\/09\/wsb_206x272_diegoramirez.jpg\" alt=\"\" width=\"206\" height=\"306\" srcset=\"https:\/\/casadejaenensevilla.org\/wp-content\/uploads\/2020\/09\/wsb_206x272_diegoramirez.jpg 206w, https:\/\/casadejaenensevilla.org\/wp-content\/uploads\/2020\/09\/wsb_206x272_diegoramirez-202x300.jpg 202w\" sizes=\"(max-width: 206px) 100vw, 206px\" \/><\/p>\n<p style=\"text-align: center;\"><strong>\u00abEl pueblo que me vio nacer\u00bb<\/strong><\/p>\n<audio class=\"wp-audio-shortcode\" id=\"audio-218-2\" preload=\"none\" style=\"width: 100%;\" controls=\"controls\"><source type=\"audio\/mpeg\" src=\"http:\/\/casadejaenensevilla.org\/wp-content\/uploads\/2020\/09\/Track033_01.mp3?_=2\" \/><a href=\"http:\/\/casadejaenensevilla.org\/wp-content\/uploads\/2020\/09\/Track033_01.mp3\">http:\/\/casadejaenensevilla.org\/wp-content\/uploads\/2020\/09\/Track033_01.mp3<\/a><\/audio>\n<p><strong>Diego Ram\u00edrez<\/strong><\/p>\n<p>En este apartado queremos hacer un especial homenaje y recuerdo, a uno de los hist\u00f3ricos de la Casa, nos referimos a Diego Ram\u00edrez C\u00e9spedes, \u00abel poeta de la Casa de Ja\u00e9n en Sevilla\u00bb, el cual fuera miembro de esta Junta Directiva durante largos a\u00f1os.<br \/>Naci\u00f3 en Villanueva de la Reina en 1931, viviendo en ella hasta los 24 a\u00f1os en que se marcho a Sevilla. Muri\u00f3 en diciembre de 2005 a los 74 a\u00f1os de edad, habi\u00e9ndose ganado el cari\u00f1o y afecto de cuantos le conoc\u00edamos, y muy especialmente el de la Guardia Civil de Sevilla, la cual le concedi\u00f3 en vida la Cruz al merito de la Guardia Civil, rotulando tambi\u00e9n una calle del acuartelamiento de Montequinto con su nombre.<\/p>\n<p>Como ejemplar villanovero, tambi\u00e9n quiso dedicar un poema al pueblo que le vio nacer. El ayuntamiento de Villanueva de la Reina, homenaje\u00f3 en febrero de 2006 a nuestro ilustre paisano, al cual le dedic\u00f3 una calle con su nombre, nombr\u00e1ndolo Hijo Predilecto de la Ciudad.<\/p>\n<p>[\/et_pb_tab][et_pb_tab title=\u00bbVistas de Sevilla\u00bb _builder_version=\u00bb4.6.5&#8243; _module_preset=\u00bbdefault\u00bb]<\/p>\n<p>En esta p\u00e1gina, se exponen varias presentaciones de autores desconocidos, que se han recopilado de la Web, donde se muestran diversas fotos y escenas de la cultura sevillana, incluyendo el r\u00edo Guadalquivir desde su nacimiento, y su paso por Sevilla, Semana Santa y feria de abril.<\/p>\n<p>(Pinchar en el texto y se iniciara la presentaci\u00f3n)<\/p>\n<h3><a href=\"http:\/\/casadejaenensevilla.org\/wp-content\/uploads\/2020\/09\/concursofotografiasevilla.pps\" target=\"_blank\" rel=\"noopener noreferrer\"><strong>Concurso fotograf\u00eda Sevilla<\/strong><\/a><\/h3>\n<h3><a href=\"http:\/\/casadejaenensevilla.org\/wp-content\/uploads\/2020\/09\/R_oGuadalquivir.pps\" target=\"_blank\" rel=\"noopener noreferrer\"><strong>R\u00edo Guadalquivir<\/strong><\/a><\/h3>\n<h3><a href=\"http:\/\/casadejaenensevilla.org\/wp-content\/uploads\/2020\/09\/Sevilla-parati-1.pps\" target=\"_blank\" rel=\"noopener noreferrer\"><strong>Sevilla para Ti<\/strong><\/a><\/h3>\n<h3><a href=\"http:\/\/casadejaenensevilla.org\/wp-content\/uploads\/2020\/09\/PORTADASDELAFERIADESEVILLA-1.pps\" target=\"_blank\" rel=\"noopener noreferrer\"><strong>Portadas de la feria de abril<\/strong><\/a><\/h3>\n<p>[\/et_pb_tab][\/et_pb_tabs][\/et_pb_column][\/et_pb_row][\/et_pb_section]<\/p>\n","protected":false},"excerpt":{"rendered":"<p>Cultura Audiovisual Resumen 2013 Domingo de Ramos 2013 (tarde) Avance Im\u00e1genes in\u00e9ditas de la Semana Santa en Ja\u00e9n en 1970 (documental) El Abuelo de Ja\u00e9n \u00abEl pueblo que me vio nacer\u00bb Diego Ram\u00edrez En este apartado queremos hacer un especial homenaje y recuerdo, a uno de los hist\u00f3ricos de la Casa, nos referimos a Diego [&hellip;]<\/p>\n","protected":false},"author":1,"featured_media":0,"parent":0,"menu_order":0,"comment_status":"closed","ping_status":"closed","template":"","meta":{"_et_pb_use_builder":"on","_et_pb_old_content":"","_et_gb_content_width":"","footnotes":""},"class_list":["post-218","page","type-page","status-publish","hentry"],"_links":{"self":[{"href":"https:\/\/casadejaenensevilla.org\/index.php?rest_route=\/wp\/v2\/pages\/218","targetHints":{"allow":["GET"]}}],"collection":[{"href":"https:\/\/casadejaenensevilla.org\/index.php?rest_route=\/wp\/v2\/pages"}],"about":[{"href":"https:\/\/casadejaenensevilla.org\/index.php?rest_route=\/wp\/v2\/types\/page"}],"author":[{"embeddable":true,"href":"https:\/\/casadejaenensevilla.org\/index.php?rest_route=\/wp\/v2\/users\/1"}],"replies":[{"embeddable":true,"href":"https:\/\/casadejaenensevilla.org\/index.php?rest_route=%2Fwp%2Fv2%2Fcomments&post=218"}],"version-history":[{"count":9,"href":"https:\/\/casadejaenensevilla.org\/index.php?rest_route=\/wp\/v2\/pages\/218\/revisions"}],"predecessor-version":[{"id":455,"href":"https:\/\/casadejaenensevilla.org\/index.php?rest_route=\/wp\/v2\/pages\/218\/revisions\/455"}],"wp:attachment":[{"href":"https:\/\/casadejaenensevilla.org\/index.php?rest_route=%2Fwp%2Fv2%2Fmedia&parent=218"}],"curies":[{"name":"wp","href":"https:\/\/api.w.org\/{rel}","templated":true}]}}